(s). Let z(k) = k**2 - 5*k + 9. Is z(l) a composite number?
True
Let u = 15 - 3. Suppose -282 = 9*o - u*o. Is o prime?
False
Is 48780/6 - (0 - 1) prime?
False
Let w(a) be the second derivative of 0 - 1/6*a**4 + 1/2*a**2 + 2/5*a**5 - 1/3*a**3 - 13*a. Is w(2) prime?
True
Suppose 16*z + 821 = 4437. Let j = 5 - 3. Suppose -z = -2*p - 2*p - 5*a, 5*a = j*p - 128. Is p prime?
True
Let d = 12584 + 2367. Is d a prime number?
True
Suppose 11 = 3*c - 1. Suppose -3*a = s - 842, s + 3*a + 2562 = c*s. Is s a composite number?
True
Let q = 103 - 295. Let u = 733 + q. Is u composite?
False
Suppose -2*p + 1356 = -2*x, 220*p - 223*p + x + 2024 = 0. Is p prime?
True
Let r(s) = 312*s - 9. Let c be r(4). Suppose 2*g - 5*g = -c. Is g a prime number?
False
Suppose 3*b - 4*b + 3071 = 4*z, 5*z + 4*b - 3825 = 0. Is z composite?
False
Let c = 78 + -87. Let y(j) = -164*j - 77. Is y(c) prime?
True
Let n = -194 + 100. Let p be (n/4)/(2/(-12)). Suppose -5*w = -274 - p. Is w a composite number?
False
Suppose 7 + 3 = 5*w. Let h be (w + -3 + 6)/(-1). Let c(f) = 6*f**2 + 4*f + 1. Is c(h) a prime number?
True
Suppose -253*i = -259*i + 68262. Is i composite?
True
Let b(g) = -g**2 + 10*g + 4. Let w be b(8). Let t be ((-3544)/10)/((-8)/w). Let i = t - 515. Is i composite?
True
Let p(z) = -z. Let f be p(9). Let k be (3 - 1)*f/(-6). Suppose k*t = 4*t - 257. Is t a composite number?
False
Let t(v) = 58*v**2 - 7*v + 2. Let s(u) = -59*u**2 + 6*u - 2. Let n(a) = -5*s(a) - 4*t(a). Is n(3) a composite number?
False
Let b(d) = -188*d**3 + 9*d**2 + d - 7. Is b(-3) a prime number?
True
Suppose 3*h - 5*w - 5786 = 0, 1917 = -3*h + 4*h - 4*w. Is h prime?
False
Let j be ((-6944)/35)/(1/(-15)). Suppose 4*c = -4*m + 2940, -j = -c - 3*c + 5*m. Is c a prime number?
True
Let m = 0 - -2. Suppose k + 8 = 3*k - m*p, 0 = 3*k + 2*p - 2. Suppose -k*z = 3*o - 77, -z = -o - 0*o - 36. Is z a composite number?
False
Suppose -2*i + 905 = -g - 4*g, -5*i + g = -2320. Let m = 56 + i. Is m composite?
False
Let x = -72 + 41. Let c = -29 - x. Is ((-6702)/(-9))/(c/3) a composite number?
False
Let f(u) = 16*u**2 - 2*u - 1. Let h = -10 + 12. Is f(h) a prime number?
True
Let c(j) = j**2 + 10*j + 16. Let s be c(-7). Let i(z) = -100*z - 3. Is i(s) a prime number?
False
Let z be ((-12)/2)/((-3)/430). Suppose -s - m + z = s, 5*s - 2144 = -4*m. Let y = s - -561. Is y a prime number?
False
Suppose -506363 = -13*n + 235716. Is n prime?
False
Let w = -937 - -2780. Is w a composite number?
True
Let q be 27/(-36) + (-39)/(-4). Suppose -657 - 323 = -7*z. Is (-3)/q - z/(-6) a composite number?
False
Is ((-91474)/(-24)*-6)/((-1)/2) a prime number?
True
Let d(z) = -10*z**3 - 32*z**2 + 8*z + 3. Is d(-8) prime?
True
Let i(r) = -r**3 + 3*r**2 + 12*r - 7. Let v be i(5). Suppose -157 = -v*o + 272. Is o prime?
False
Let m = -9 + 15. Let c = -4 + m. Let x(s) = 33*s - 1. Is x(c) a composite number?
True
Let c(j) = -j**3 + j**2 + 3*j + 20621. Is c(0) prime?
False
Suppose -5*m + 16321 - 5766 = 0. Is m prime?
True
Let c(b) = 198*b**2 - b + 2. Let t(n) = -197*n**2 - 1. Let u(k) = -3*c(k) - 4*t(k). Is u(-3) prime?
False
Let h be 9/2 + (-8)/(-16). Suppose -h*c + 76 = -c. Let y = c + 130. Is y composite?
False
Let v = 77 + -73. Let y(l) = 2*l**3 - 2*l**2 - 5*l + 1. Let i be y(6). Suppose -2*c + v*c - 662 = 2*q, -c + 3*q + i = 0. Is c a composite number?
False
Suppose -45 = 6*j + 57. Let v(h) = 60*h**2 + h - 1. Let f be v(1). Let z = j + f. Is z a composite number?
False
Let h(m) = m**2 - 7*m + 1. Let f be h(7). Let t(y) = 106*y**3 - y**2 + 2*y - 1. Is t(f) prime?
False
Let v(t) = 395*t**2 + t - 33. Is v(5) composite?
True
Let b = -10317 - -14852. Is b composite?
True
Is 413 + 2 + 2 + -4 a composite number?
True
Let w(z) = -3*z - 15. Let k be w(-6). Is (9/k - 3) + 409 composite?
False
Let y = 453 - 132. Suppose 694 = 2*q + 5*f, 2*q - 2*f - 1015 = -y. Is q prime?
True
Suppose -2*j + 0*j + 94 = 3*t, 3*t - 89 = -j. Let o be t*2*5 - 0. Suppose -2*z = -142 - o. Is z prime?
True
Suppose -20 = 5*r, o + 8*r - 6*r = 1995. Is o a composite number?
False
Suppose 3754 = q - 5*v, q - 4*v = -3*v + 3750. Is q a prime number?
False
Let y(s) = -s**3 - 13*s**2 + 19*s + 1. Let v be 1 - (12 - 2) - -4. Let w(m) = m**2 + 9*m + 5. Let q be w(v). Is y(q) a composite number?
True
Let i = 56 - -211. Suppose i = 3*o - 270. Is o composite?
False
Suppose -23405 - 93831 = -28*u. Is u a composite number?
True
Let c = 11782 - 5163. Is c prime?
True
Suppose -2*v - 8 = -6*f + 8*f, -5*f - 4*v - 15 = 0. Is (f/2)/(-1)*(84 - 3322) prime?
True
Suppose -2*g + 8686 = -2*p, 0*g + 4*g + 4*p = 17372. Is g composite?
True
Suppose 0 = 5*i - 4*i - 149779. Is i a composite number?
True
Suppose -2*s + 3*s = -1. Let u(j) = 3*j**2 + 13*j - 14*j - 25*j**3 - 5*j**2 - 7*j**3. Is u(s) composite?
False
Let n = 6 - 4. Suppose -n*r = -147 + 1969. Let q = -618 - r. Is q composite?
False
Suppose -5*c = -2*z + 758, 3*z + 47 - 1184 = c. Is z prime?
True
Suppose 8*j - 1084 - 8956 = 0. Is j composite?
True
Let g = 6 - 45. Let b be 4/26 - 150/g. Is (2 + b)*19/2 a composite number?
True
Let k = 13 - 6. Suppose -3 = -k*z + 8*z. Let l(x) = -320*x - 7. Is l(z) a prime number?
True
Let o be 4 - -1*(2 + -1). Suppose -o*i = -4*i - 3. Let u(g) = 6*g**2 + 2*g - 1. Is u(i) composite?
False
Let x(q) = q**2 - q + 887. Let c = -140 - -140. Is x(c) composite?
False
Let r = 6366 + -4270. Suppose -2279 - 304 = -5*q - 3*w, 5*w + r = 4*q. Is q composite?
True
Suppose 2 = 5*j - 4*w, -j = -4*j + 2*w + 2. Suppose -j*b + 5*i = -528, b + 3*i = -b + 512. Is b a prime number?
False
Is (-3 - -6 - 10/3)*-1101 prime?
True
Let s(c) = c**3 - 9*c**2 + 18*c - 2. Let q be s(6). Is (1361*(-3 - q))/(-1) a prime number?
True
Suppose -8258 + 2136 = -2*i. Is i composite?
False
Let q be (-3)/(-3*(-3)/(-9114)). Let o = q + -1162. Suppose -y + 5*y = o. Is y prime?
False
Suppose -51*s + 52*s = 5, -3*s + 45010 = 5*o. Is o composite?
False
Suppose -l + 3 = -2*o - 4, -5*o + l = 16. Let w(i) = i**2 - 11*i + 1 - 4*i**3 + 3*i**2 + 13*i. Is w(o) a prime number?
True
Let c(n) = 2*n - 6. Let b be c(3). Suppose j - 2*z - 495 = b, -4*j + 2*z = -0*z - 1950. Is j a prime number?
False
Let w = -27 - -35. Suppose j - 2*j + 4*l = 150, 3*j + 406 = l. Is (j/4)/(w/(-16)) a prime number?
True
Let l(s) = 25*s**2 - s - 5. Let n(q) = -25*q**2 + q + 5. Let c(i) = 3*l(i) + 2*n(i). Is c(4) a composite number?
True
Let k(f) = f**3 - 9*f**2 - 13*f - 2. Let d = -13 + 24. Let b be (6 + -5)*1*d. Is k(b) a composite number?
False
Let l(o) = 197*o**2 + 22*o - 21. Is l(14) a composite number?
True
Suppose -247*l = -i - 252*l + 59482, 5*i + 3*l = 297388. Is i a prime number?
False
Suppose 3*k - 6 = 3. Suppose 2*r - k*h + 4 = 4*r, 4*h + 4 = 2*r. Is ((-43)/r)/(4/(-8)) a composite number?
False
Suppose 26*l = 31*l - 15. Suppose l*w + 26 = 71. Is w a composite number?
True
Is (65862/45)/(8/20) composite?
False
Let v(z) = 9*z**2 + 12*z - 34. Let k(q) = -4*q**2 - 6*q + 17. Let f(t) = -7*k(t) - 3*v(t). Is f(10) composite?
True
Is ((-28)/12)/(4/12) - -692 prime?
False
Suppose 0*l - l = -5. Suppose 8 = 2*f + 2*h, 6*f + 2*h = 2*f + 16. Suppose -4*s + f*k = -1692, 0 = s + l*k + 107 - 524. Is s a prime number?
False
Let u(t) = t**3 + 12*t**2 - 7. Let h = -32 - -14. Let r = -26 - h. Is u(r) a composite number?
True
Let y(h) = h**3 - 5*h + 2*h - 2*h + 4*h**2 - 4. Let r be y(-3). Suppose 4*w - 5*d = 819, -2*d - 2*d + r = 0. Is w prime?
True
Suppose 0*h + 6 = 3*h. Suppose 2*d = -h - 2, -q + 243 = 4*d. Is q prime?
True
Suppose -7094 = 21*u - 23*u. Is u prime?
True
Let t = 11452 - 5121. Is t prime?
False
Suppose -p - 5*p = -1356. Let l = p - 123. Is l composite?
False
Suppose 5*u = 9*r - 10*r + 19541, -19533 = -r - u. Is r composite?
False
Let r(g) be the third derivative of 33*g**5/20 - g**4/4 - g**3/3 - 7*g**2. Is r(-3) composite?
False
Suppose 4*g = 8*g - 24. Let q(i) = 9 + 8*i - g*i + 8*i + 4*i. Is q(4) composite?
True
Suppose -r = -3*r - 136. Suppose -s + 620 = 3*k, 3*s - 234 - 177 = -2*k. Let o = r + k. Is o prime?
True
Let t(w) = -117*w**3 + 20*w - 10. Is t(-5) prime?
False
Let n(d) = 9*d**2 - 3*d - 13. Is n(6) a composite number?
False
Let r = 68 + -82. Let h(a) = 2*a**2 - a - 25. Is h(r) a prime number?
False
Suppose -2*n = -v - 2245, -5*v + 2097 = 2*n - 130. Suppose 0 = -2*i + 1397 + n. Is i a